5*l = 33. Suppose -o - 44 = -w. What are the prime factors of w?
2, 3, 5
Let v(u) = -43*u**2 + 9*u + 22*u**2 + 8 + 20*u**2. Let q be v(9). Let n(b) = -b**2 + 11*b - 2. What are the prime factors of n(q)?
2, 11
Suppose 18*w = 22*w - 12. Suppose 0*t = -w*t. Suppose t*m + m = 28. What are the prime factors of m?
2, 7
Let x be 12/2 - (-1 - (2 + -6)). Suppose -x*n - 510 = -6*n. List the prime factors of n.
2, 5, 17
Suppose 10*q + 527 = 3617. What are the prime factors of q?
3, 103
Let l be 25 - 3/((-3)/(-2)). Suppose q = -0*q + l. Let h = -14 + q. What are the prime factors of h?
3
List the prime factors of (-13187)/(-15) + (-36)/270.
3, 293
Let o be 2*2/(3 - (-1)/(-1)). What are the prime factors of 2023/153 - o/9?
13
Let i(r) = r**3 - 5*r**2 + 4. Let z be i(5). Suppose -z = 5*k + 11. What are the prime factors of (12/9)/((-2)/k)?
2
Let q(c) = 74*c**2 - c. Let h be q(1). Let y = h - 36. What are the prime factors of y?
37
Suppose 26*f - 133906 = -43868. List the prime factors of f.
3463
Let m(y) = -y**2 + 12*y + 11. Let s = -16 - -26. Suppose 0 = -2*o + s, 0*h + 22 = h + 2*o. List the prime factors of m(h).
11
Suppose 2*j - 385 = -8*i + 5*i, -940 = -5*j - 3*i. List the prime factors of j.
5, 37
Suppose -15*t = -16*t + 2. Let z(l) = 6*l**3 - l**2. List the prime factors of z(t).
2, 11
Let j(b) = -11*b**2 + b. Let x be j(-1). Let a be (-280)/x*(-18)/(-4). Suppose -a = -5*t - 5*z, -t - 3*z = -3*t + 42. What are the prime factors of t?
3, 7
Let q(j) = -j**3 - 10*j**2 + 4*j + 13. Let r(o) = o + 4. Let h be r(-15). List the prime factors of q(h).
2, 3, 5
Suppose 0 = -3*t + 5*t. Let h(p) = 2*p + 66. List the prime factors of h(t).
2, 3, 11
Suppose 5*s - i - 153 = 0, 3*s - i - 91 - 2 = 0. List the prime factors of s.
2, 3, 5
What are the prime factors of (-175*169)/(-5) + -4?
23, 257
Let u = -42 - -25. Let i be u + 1 - (-1 + -3). List the prime factors of (i - -13)/(2/16).
2
Let x(i) = i**3 + 4*i**2 - 2*i - 2. Let l be x(2). Let y = 14 - 3. Let p = l - y. What are the prime factors of p?
7
Let s(v) = 5*v**2 + 18*v + 17. Let d = 143 + -153. What are the prime factors of s(d)?
337
Suppose 5*z - 3*n = -0*z + 1035, 0 = -3*z + 4*n + 610. Let g be (z/8)/((-2)/(-8)). Suppose g = 3*b + 18. What are the prime factors of b?
29
Let j be (-5 - 3)/(4/(-10)). Let r be ((-6)/(-5))/((-6)/j). Let a(w) = w**3 + 3*w**2 - 7*w. List the prime factors of a(r).
2, 3
What are the prime factors of 13 + -17 + 900 + -4?
2, 223
Let g = -3 - -6. Suppose 3*u - 29 = 4*r, -g*r = -0*r + 15. Suppose 0 = -u*i + 3*b + 90, -i = 2*i + 3*b - 60. What are the prime factors of i?
5
Let h = -327 + 897. What are the prime factors of h?
2, 3, 5, 19
Let a(s) = -836*s - 133. Let t(u) = 19*u + 3. Let b(c) = -3*a(c) - 133*t(c). Let z be 0 - -2 - (-3)/(-1). What are the prime factors of b(z)?
19
Suppose o - 186 = -2*o. Let s be (-1)/6 - o/(-12). Suppose 41 = s*y - 129. List the prime factors of y.
2, 17
Suppose -5*j + 4*m - 201 = m, j + 45 = 3*m. Let q = 212 + j. What are the prime factors of q?
173
Let a = -18 - -17. Let x(f) = 60*f**2 - f + 1. List the prime factors of x(a).
2, 31
Let f(r) = 21 - 4*r - 14*r - r**2 + 0*r**2. What are the prime factors of f(-16)?
53
What are the prime factors of 40/5 + -5 + 541?
2, 17
Let s(i) be the third derivative of -i**6/120 - i**5/30 + i**4/24 - 5*i**3/6 - 2*i**2. Let g be s(-4). Suppose 8 = -z + g. What are the prime factors of z?
3, 5
Let x(s) = 214*s**2 + 2*s + 7. What are the prime factors of x(2)?
3, 17
Suppose -2*a + x + 3434 = 447, a - 4*x = 1476. List the prime factors of a.
2, 11, 17
Suppose 8*h = 3*h. Suppose 5*q - 20 = h, z + 0*z - 55 = -3*q. What are the prime factors of z?
43
Let i = 118 + -104. Let u = -33 + 52. Let v = i + u. List the prime factors of v.
3, 11
Let o = 9 + 8. Suppose -3*h - 18 = -4*j, 2*j - o = -j + 4*h. List the prime factors of j.
3
Suppose 32 - 136 = 13*x. Let i = x + 103. List the prime factors of i.
5, 19
Suppose 187 + 1469 = 12*z. What are the prime factors of z?
2, 3, 23
Let d be (-12)/(0 + 4) - 21*-24. Suppose -3*t = 192 - d. What are the prime factors of t?
103
Suppose -3*y + 76 + 35 = 5*f, -3*f + 65 = y. Let l = f - -101. List the prime factors of l.
2, 61
Suppose -n - 4*n + 140 = 0. Suppose 0 = 2*g - 2 - n. Suppose 0 = 4*c + c - g. What are the prime factors of c?
3
Let b be (-32 - -4)/((-2)/(-2)). Let t be 8/b + (-172)/(-14). Suppose -w = -t + 3. What are the prime factors of w?
3
Let a(v) = v**3 - 4*v**2 + 3*v + 4. Let s be a(3). Suppose -s*b + 76 = -2*b. List the prime factors of b.
2, 19
Let l(c) = 5*c**3 - c**2 - c + 1. Let x be l(1). Let g = -39 + x. Let y = g + 62. What are the prime factors of y?
3
List the prime factors of (-6)/39 - ((-433370)/(-26))/(-7).
2381
Suppose 4*b = -4*a + 32, a - 3 = 2*b - 25. Suppose -5*j = n - 41 - 19, -n = -5*j - b. What are the prime factors of n?
5, 7
Suppose -2*c - 4*c - 72 = 0. List the prime factors of (-57)/c*(2 + 6).
2, 19
Suppose 4*g + 10*g + 686 = 0. Suppose o - 21 = 4*o. List the prime factors of o/g - (-278)/14.
2, 5
Let t = 2874 + -1521. List the prime factors of t.
3, 11, 41
Suppose 2*b + 663 = 6*b + y, 3*b + 2*y = 496. What are the prime factors of b?
2, 83
Let u = 12067 - 8578. List the prime factors of u.
3, 1163
Let z(q) = 95*q + 9. Suppose 3*m = 7*h - 4*h, -5*h + 2*m = -9. List the prime factors of z(h).
2, 3, 7
Let c = 2744 - -1362. List the prime factors of c.
2, 2053
Let s(j) = 20*j**2 + 9*j - 3. Let f be s(-5). Suppose 7*h - 5*h - f = 0. List the prime factors of h.
2, 113
Suppose -28*v = -23*v - 60. What are the prime factors of 3/(-4) + 621/v?
3, 17
Let h(u) = 3*u**2 + 6*u + 3. Let z be h(-2). Suppose z*q + q - 4*o - 424 = 0, -5*q = -2*o - 521. What are the prime factors of q?
103
Let o = 6 + -4. Suppose 2*v = 2*z - 90 + 12, o*v = -2*z + 62. Suppose -2*a - 7 = -z. List the prime factors of a.
2, 7
Let o(v) be the first derivative of v**2 + 24*v - 12. What are the prime factors of o(-6)?
2, 3
What are the prime factors of (3/(-3))/((-49860)/7122 + 7)?
1187
List the prime factors of ((-82)/3)/(11 + 4741/(-429)).
13, 41
Suppose -25 = -f - 3*d + 11, 4*f + 2*d - 134 = 0. List the prime factors of f.
3, 11
Suppose 3*a = 3 + 318. What are the prime factors of a?
107
Let h(p) = -5*p**2 - 12*p - 7. Let b(x) = -4*x**2 - 12*x - 6. Let q(m) = 3*b(m) - 2*h(m). Let u be q(-8). Let a = u + 59. List the prime factors of a.
23
Let x = -7 - -11. Suppose -x*q - q = 2*r - 267, -4*q = 5*r - 200. List the prime factors of q.
5, 11
Let a be (-3)/(-5)*(5 + 0). Suppose 0*i - w + 12 = a*i, 0 = -4*w. Suppose 45 = -i*x + 7*x. What are the prime factors of x?
3, 5
Let p(q) = -11*q - 10*q**2 - 14 - 2*q**3 + 6 + q**3. Suppose 8 + 37 = -5*d. What are the prime factors of p(d)?
2, 5
Let i be (-2)/(-6) + (-8)/(-3). Let b = 146 + -84. Suppose 2*t - b = -5*o + 15, i*o + 3*t - 48 = 0. What are the prime factors of o?
3, 5
Suppose 4*w - 2183 = 457. Suppose 5*h = 11*h - w. What are the prime factors of h?
2, 5, 11
Let r(o) be the second derivative of 13*o**5/20 + o**4/3 - o**3/6 - 2*o**2 - 10*o. List the prime factors of r(2).
2, 3, 19
List the prime factors of 494 - (1 + -3 - -6).
2, 5, 7
Let d = 95 + -40. Suppose -u + 159 = d. List the prime factors of u.
2, 13
Suppose 80 = -7*x + 3*x. Let p = 5 + x. Let r = p - -17. List the prime factors of r.
2
Let o be ((-8)/(-5))/(16/40). What are the prime factors of ((-6)/o)/(66/(-4928))?
2, 7
Let h(q) = 7*q + 107. What are the prime factors of h(11)?
2, 23
Let f(k) = -59*k - 538. What are the prime factors of f(-20)?
2, 3, 107
Let d(l) = -2*l + 42. Let y be d(20). What are the prime factors of y/6 - 3*(-3962)/63?
3, 7
Let t(n) = -n**3 + 5 - 1 + 17*n + 16*n**2 - 2*n**2 + 0. Let z be t(15). List the prime factors of 51/z*(-8)/(-6).
2
List the prime factors of 7/(-21)*3 + 1 + 172.
2, 43
Suppose 3*j - j = 0. Suppose 2*q - 7 = 3*b + 4, j = -5*b - 25. What are the prime factors of (-10)/q*(-49)/(-35)?
7
Suppose -60 = -3*w + 9*w. What are the prime factors of (-54)/(-3)*w/(-3)?
2, 3, 5
Suppose -5*z + 1618 + 187 = 0. List the prime factors of z.
19
What are the prime factors of (-58)/(-145) - (-6586)/10?
659
Let g(f) = 2*f**3 + 21*f**2 + 10*f - 11. What are the prime factors of g(-8)?
229
Suppose 8*x - 28 = 12. Suppose 4*u - 20 = 0, x*w = 2*u - 3*u + 340. Lis